{"id":82,"date":"2023-01-15T09:02:48","date_gmt":"2023-01-15T09:02:48","guid":{"rendered":"https:\/\/zwischenmenschlich.ch\/?page_id=82"},"modified":"2023-01-16T16:38:35","modified_gmt":"2023-01-16T16:38:35","slug":"aktuelles","status":"publish","type":"page","link":"https:\/\/zwischenmenschlich.ch\/","title":{"rendered":"Aktuelles"},"content":{"rendered":"\n<p>Hier werde ich die aktuellen Angebote und Kurse pr\u00e4sentieren.<\/p>\n\n\n\n<p>Die in unseren Produkten verwendeten Inhaltsstoffe sind auf Synergie ausgelegt und aktivieren und erg\u00e4nzen sich gegenseitig, so dass Sie den Unterschied tats\u00e4chlich sp\u00fcren k\u00f6nnen. Und wir sind leidenschaftlich &#8211; vielleicht sogar besessen &#8211; von Qualit\u00e4t. Deshalb stellen unsere Forschungs- und Fertigungsteams so viele Lifeplus-Produkte wie m\u00f6glich selbst her.<\/p>\n","protected":false},"excerpt":{"rendered":"<p>Hier werde ich die aktuellen Angebote und Kurse pr\u00e4sentieren. Die in unseren Produkten verwendeten Inhaltsstoffe sind auf Synergie ausgelegt und aktivieren und erg\u00e4nzen sich gegenseitig, so dass Sie den Unterschied tats\u00e4chlich sp\u00fcren k\u00f6nnen. Und wir sind leidenschaftlich &#8211; vielleicht sogar besessen &#8211; von Qualit\u00e4t. Deshalb stellen unsere Forschungs- und Fertigungsteams so viele Lifeplus-Produkte wie m\u00f6glich selbst her.<\/p>\n","protected":false},"author":3,"featured_media":0,"parent":0,"menu_order":0,"comment_status":"closed","ping_status":"closed","template":"","meta":{"footnotes":""},"class_list":["post-82","page","type-page","status-publish","hentry"],"_links":{"self":[{"href":"https:\/\/zwischenmenschlich.ch\/index.php?rest_route=\/wp\/v2\/pages\/82","targetHints":{"allow":["GET"]}}],"collection":[{"href":"https:\/\/zwischenmenschlich.ch\/index.php?rest_route=\/wp\/v2\/pages"}],"about":[{"href":"https:\/\/zwischenmenschlich.ch\/index.php?rest_route=\/wp\/v2\/types\/page"}],"author":[{"embeddable":true,"href":"https:\/\/zwischenmenschlich.ch\/index.php?rest_route=\/wp\/v2\/users\/3"}],"replies":[{"embeddable":true,"href":"https:\/\/zwischenmenschlich.ch\/index.php?rest_route=%2Fwp%2Fv2%2Fcomments&post=82"}],"version-history":[{"count":3,"href":"https:\/\/zwischenmenschlich.ch\/index.php?rest_route=\/wp\/v2\/pages\/82\/revisions"}],"predecessor-version":[{"id":114,"href":"https:\/\/zwischenmenschlich.ch\/index.php?rest_route=\/wp\/v2\/pages\/82\/revisions\/114"}],"wp:attachment":[{"href":"https:\/\/zwischenmenschlich.ch\/index.php?rest_route=%2Fwp%2Fv2%2Fmedia&parent=82"}],"curies":[{"name":"wp","href":"https:\/\/api.w.org\/{rel}","templated":true}]}}